 what is 520 + -8fe?
-3de
In base 15, what is -24b5 - 3?
-24b8
In base 14, what is c + 4765?
4773
In base 7, what is 134040 - 14?
134023
In base 15, what is -7e + -10?
-8e
In base 11, what is -6614 + 3?
-6611
In base 3, what is -2202 + -200002120?
-200012022
In base 8, what is 1 - 335200?
-335177
In base 14, what is 2abc + ad?
2b8b
In base 2, what is 101 + 100011011100101110011?
100011011100101111000
In base 7, what is -42140520 + 1?
-42140516
In base 13, what is -139 - ba?
-226
In base 10, what is 6383 + 26?
6409
In base 7, what is -6 - -346403?
346364
In base 12, what is 3 - -b196?
b199
In base 11, what is 327 + 6a?
396
In base 8, what is -532615 - 4?
-532621
In base 12, what is a26b9 - -5?
a2702
In base 11, what is -1 - -1482a?
14829
In base 7, what is 5 + -505135?
-505130
In base 9, what is 58 + 57060?
57128
In base 2, what is -11011 + 10000?
-1011
In base 13, what is 886bbc - -1?
886bc0
In base 5, what is 1142144034 + 2?
1142144041
In base 3, what is -10112 - 10122102?
-10202221
In base 9, what is -24 - -7053?
7028
In base 2, what is 11110001010 + -1111?
11101111011
In base 5, what is 0 - 2131201?
-2131201
In base 12, what is 5 - 163b5?
-163b0
In base 8, what is 5 + -26212?
-26205
In base 8, what is -57 - -3345?
3266
In base 7, what is -4201 + -121?
-4322
In base 6, what is -1025 + 3221?
2152
In base 10, what is 13757 - -40?
13797
In base 5, what is 10404131414 - 0?
10404131414
In base 5, what is -4412 + 2100?
-2312
In base 7, what is 41652 - 255?
41364
In base 5, what is 10 - -11200434?
11200444
In base 11, what is 12 + -1151a?
-11508
In base 15, what is -38 - 23d?
-276
In base 15, what is 1d - 2d4c?
-2d2e
In base 3, what is 11000022010 - 11?
11000021222
In base 7, what is 23 - -220100?
220123
In base 14, what is 4 - 3d27?
-3d23
In base 14, what is -12c5b + 9?
-12c52
In base 9, what is 421511 + 14?
421525
In base 5, what is -1 - 1031232?
-1031233
In base 8, what is -15411 - -11?
-15400
In base 8, what is 0 - -241472?
241472
In base 2, what is 10110 - 1110010000?
-1101111010
In base 10, what is 2570 - 17?
2553
In base 6, what is -134554 + -1?
-134555
In base 10, what is -3 + -11057?
-11060
In base 16, what is -d6 - 307?
-3dd
In base 11, what is 2 + 6490?
6492
In base 7, what is 1056 - -315?
1404
In base 6, what is -4 - -445344?
445340
In base 4, what is 123302 - -3?
123311
In base 10, what is 129132 + 1?
129133
In base 11, what is -1347 - -13?
-1334
In base 2, what is 100101 - 1001110100000?
-1001101111011
In base 5, what is 133431 + -311?
133120
In base 11, what is 583 - 24?
55a
In base 14, what is -2d6 - 45?
-33b
In base 5, what is 1 + 341?
342
In base 5, what is 3 - 212040?
-212032
In base 11, what is -3a4a0 + -16?
-3a506
In base 4, what is 320130 - -3?
320133
In base 10, what is 175850 - 0?
175850
In base 16, what is -146f69 + -3?
-146f6c
In base 3, what is -20110 + -1002122202?
-1002220012
In base 16, what is -5 - -207ff?
207fa
In base 12, what is -149b0 + -89?
-14a79
In base 16, what is -1 + be1d?
be1c
In base 6, what is 1344 - -44?
1432
In base 16, what is -126 + -5dc7?
-5eed
In base 3, what is -211 + -111122020?
-111200001
In base 15, what is 28 - 189e0?
-189b7
In base 13, what is 2b - -c0?
11b
In base 7, what is -44535122 - 2?
-44535124
In base 7, what is -3 + -163106?
-163112
In base 5, what is -303342 + 110?
-303232
In base 10, what is -1739 + -10?
-1749
In base 7, what is -115565 - 4?
-115602
In base 2, what is -100100001 - 110110111?
-1011011000
In base 4, what is -3 + 202011?
202002
In base 15, what is 0 + -137dab?
-137dab
In base 13, what is a + -502c?
-5022
In base 14, what is 11 - -114c?
115d
In base 7, what is 4326165 - 1?
4326164
In base 10, what is 5 - 37246?
-37241
In base 5, what is -3012 + 2?
-3010
In base 10, what is 17 + 233?
250
In base 4, what is -131132 + 132?
-131000
In base 5, what is -3 - -14440?
14432
In base 15, what is -876 - -573?
-303
In base 6, what is 12025 + -120?
11505
In base 14, what is -3 + 67596?
67593
In base 4, what is 2 - 1123111102?
-1123111100
In base 3, what is -22 - -20000202?
20000110
In base 15, what is -1925 - -a?
-191a
In base 10, what is -168 + 286?
118
In base 14, what is 3719 + 65?
3780
In base 11, what is 10 + -84084?
-84074
In base 6, what is 113131 - 130?
113001
In base 5, what is 2443 + -22442?
-14444
In base 3, what is 1210 - -101220011?
101221221
In base 10, what is -14054 - 59?
-14113
In base 16, what is -11395 + 1?
-11394
In base 15, what is -4 - 532?
-536
In base 9, what is -130 + 153?
23
In base 16, what is -93 + -b3?
-146
In base 3, what is -1220222 + -1022?
-1222021
In base 5, what is 4024004 + 2?
4024011
In base 6, what is 55 - 3011?
-2512
In base 8, what is 4231 + -23?
4206
In base 12, what is -148 + b57a?
b432
In base 9, what is -305 + 17?
-277
In base 9, what is -18574 + -1?
-18575
In base 14, what is 61 + -127?
-a6
In base 4, what is -1102312030 + 10?
-1102312020
In base 6, what is -54520 - 2033?
-100553
In base 9, what is 50532 - 50?
50472
In base 9, what is -42336 - -4?
-42332
In base 15, what is -2ea + -51?
-34b
In base 14, what is 1 + -8a6?
-8a5
In base 9, what is 4 + -64165?
-64161
In base 12, what is 3109 + -2b?
309a
In base 10, what is 8 + -8650?
-8642
In base 11, what is 1290 - -1769?
2a49
In base 8, what is -1344 - 477?
-2043
In base 9, what is -8363614 - -2?
-8363612
In base 7, what is 101 - 142?
-41
In base 3, what is 11 - -10111121010?
10111121021
In base 10, what is 579682 - 2?
579680
In base 12, what is -5 - -18ab?
18a6
In base 14, what is -12 - -776b2?
776a0
In base 3, what is -10110222002201 - 2?
-10110222002210
In base 2, what is 100000001 - -11011110111?
11111111000
In base 9, what is -27 + -1086?
-1124
In base 6, what is -2 + 213032?
213030
In base 14, what is 93 - bd?
-2a
In base 16, what is 31b48 - -3?
31b4b
In base 13, what is -4a - 9bc7?
-9c44
In base 13, what is 27 + -65?
-3b
In base 9, what is -402177 + -5?
-402183
In base 11, what is -2393 - 12?
-23a5
In base 4, what is 3200200330 + 11?
3200201001
In base 16, what is 290 - -30b?
59b
In base 2, what is 111100 - -1110000010?
1110111110
In base 14, what is 3a86 - -6?
3a8c
In base 9, what is 3 + 36367?
36371
In base 7, what is -343415 - -4?
-343411
In base 7, what is 13125 - 101?
13024
In base 13, what is -310 + -23?
-333
In base 9, what is -1870 + -50?
-2030
In base 9, what is 8 - -278313?
278322
In base 11, what is 62a56 + 0?
62a56
In base 5, what is -240 + 3322?
3032
In base 5, what is 13 - 110130300?
-110130232
In base 14, what is -29d + 1b?
-282
In base 2, what is 100 + -1101110011110?
-1101110011010
In base 4, what is 30220 + 12232?
103112
In base 16, what is 21 - -a74?
a95
In base 13, what is -2123 - a?
-2130
In base 6, what is -131 + 2503?
2332
In base 7, what is 50 - -116523?
116603
In base 6, what is 11 - -103544?
103555
In base 8, what is 21303 - -23?
21326
In base 11, what is -42247 + -5?
-42251
In base 13, what is -62 + -84?
-116
In base 5, what is 40 - 22313?
-22223
In base 7, what is -14263 + -213?
-14506
In base 9, what is -17755 + 142?
-17613
In base 4, what is -113133013 - 1?
-113133020
In base 5, what is 0 - 133131204?
-133131204
In base 4, what is -2223 - -132?
-2031
In base 3, what is 12 - -10011010?
10011022
In base 10, what is -5 - -139934?
139929
In base 7, what is -302406 + 5?
-302401
In base 12, what is -43 + 1945b?
19418
In base 4, what is -2 + 3310003?
3310001
In base 16, what is -1c749 + 1?
-1c748
In base 15, what is -10 - 3ee9?
-4009
In base 3, what is 2201221 - 121221?
2010000
In base 7, what is -5 + -41133?
-41141
In base 4, what is 101 - 2200103?
-2200002
In base 7, what is -1356515 + -3?
-1356521
In base 6, what is 2 + -354350?
-354344
In base 4, what is -103 - 23130010?
-23130113
In base 7, what is -3 + -20555?
-20561
In base 15, what is -130c + -4?
-1311
In base 13, what is -8b6 - 5?
-8bb
In base 2, what is -10 - 10010001101111?
-10010001110001
In base 11, what is -490 - 3099?
-3579
In base 7, what is -3 - -20205?
20202
In base 9, what is -311 - 7021?
-7332
In base 6, what is -2010 + -13340?
-15350
In base 16, what is -4 - 8ea6?
-8eaa
In base 10, what is 4 + 34001?
34005
In base 7, what is -1 - -1154665?
1154664
In base 2, what is 10000001001 - 11011101100?
-1011100011
In base 10, what is -353 + 956?
603
In base 9, what is -130 - 656?
-786
In base 9, wh